se 0 = -3*d + 12, -5*j = -7*j - d + 58. Suppose -k = 16 - 97. What is the highest common divisor of j and k?
27
Let n(y) = -y**3 + 15*y**2 + 17*y - 16. Let c be n(16). Suppose -s + c*s = 4*a - 115, -3*a - 3*s + 93 = 0. What is the greatest common factor of 14 and a?
14
Let z be (-1648)/12 + 3/9. Let j = z - -258. Suppose q - 5*m - j = -2*q, 4*m - 214 = -5*q. What is the greatest common factor of q and 28?
14
Let h(p) = -17*p**2 - 15*p - 13. Let s be h(8). Let j be 4 + 28/(-8) + s/(-6). Calculate the highest common divisor of 51 and j.
51
Suppose 5*x = -15, 3*z - 8211 = -4*x + 5709. What is the highest common factor of z and 108?
108
Let t(n) = n**2 + 3*n - 5. Let o be t(-5). Let m be o*(-2 + 3) - -1. Suppose 0*d = m*d - 192. What is the highest common factor of 16 and d?
16
Let p be 16776/288 - 1/4. Calculate the greatest common factor of 4 and p.
2
Let s = 166 + -145. What is the greatest common factor of s and 231?
21
Let b be (6 + -4)/((-4)/(-6)). Suppose -4*o + 0*n + 4*n + 220 = 0, b*n - 135 = -2*o. Calculate the highest common factor of 24 and o.
12
Let b(d) = -46*d**2 - 3*d + 3. Let j be b(-3). Let h be j/(-18) - ((-7)/(-3) - 1). What is the greatest common factor of 35 and h?
7
Suppose -14*s + 5 = -9*s. Let u(z) = 47*z**2 - z + 2. Let y be u(s). Calculate the highest common divisor of 6 and y.
6
Let t = 86 - 44. Suppose 11*y = 14*y - t. Calculate the greatest common factor of 14 and y.
14
Let d(l) = 9*l**2 + 1. Let q be 1*(-1 - 0)*1. Let r be d(q). Let f = 43 - 33. Calculate the greatest common divisor of f and r.
10
Suppose 3*p - 2*j = -5*j - 3, -3*p + 3*j = 3. Let q be (1 - p)*3 + 1 + -1. Calculate the greatest common factor of q and 42.
6
Let v be ((45/20)/(-3))/(2/(-56)). Suppose -3*b = -v - 144. What is the greatest common divisor of 5 and b?
5
Let g(y) = -2*y**2 + 21*y - 4. Let h be g(10). Calculate the greatest common factor of h and 12.
6
Let z be (-13)/(-2)*6*-11. Let u = -297 - z. What is the highest common factor of 12 and u?
12
Suppose 13 + 8 = 3*u - 3*k, -2*k = -3*u + 20. Let z be 1348/28 - (-8)/(-56). What is the greatest common divisor of u and z?
6
Let n(q) = -3*q + 55. Let r be n(17). Suppose 3*b + w - 296 = 0, -r*b = -5*w + 58 - 459. Calculate the highest common factor of b and 9.
9
Suppose 14*a - 1839 + 495 = 0. What is the greatest common factor of 36 and a?
12
Suppose 2*j + 1600 = 4*q, -19*j = -15*j. Calculate the greatest common divisor of 176 and q.
16
Let a = 20 - 10. Suppose 17*v - 22*v + 450 = 0. Calculate the highest common divisor of a and v.
10
Let c(m) = 2*m**2 + 42*m + 142. Let n be c(-30). What is the greatest common divisor of n and 62?
62
Suppose -5*l - 21 = -3*a, 2*l - 4*l = 2*a + 2. Suppose 2*w + 4*y = 6*w - 4, -2*y + 10 = a*w. Calculate the greatest common factor of 6 and w.
3
Let n(o) = o**2 - 3*o + 25 - 52 + 26 + 2*o**2. Let z be n(3). What is the greatest common factor of z and 153?
17
Let f(s) = 13*s**3 + s**2 - s - 1. Let r(p) = 2*p + 0*p + 2*p + 8 - 3*p. Let w be r(-6). Let h be f(w). What is the highest common factor of 15 and h?
15
Let q = -11 + 23. Let o = q - 0. Calculate the greatest common factor of 6 and o.
6
Let z be (-48)/(-408) - (-444)/(-17). Suppose -8 = 4*v, 3*c + 0*c + 5*v = 122. Let m = c + z. Calculate the greatest common divisor of 6 and m.
6
Let g be 10/(-45) + 542/9. Suppose 3*o = 6*o + 4*s - 29, 3*o - 2*s - 53 = 0. What is the greatest common divisor of g and o?
15
Let m = -4 - -3. Let u(a) = -a - 1. Let q(s) = -3*s - 5. Let f(z) = m*q(z) + 4*u(z). Let i be f(-8). Calculate the highest common divisor of 9 and i.
9
Let z be 1593/(-18)*-4 - (-3)/(-1). Calculate the greatest common factor of 27 and z.
27
Let u be 9218/286 - 6/26. Calculate the greatest common factor of 64 and u.
32
Let d = 5 + -15. Let n = d + 0. Let m be (-2)/4*n/1. Calculate the greatest common factor of 2 and m.
1
Let y = 1871 - 1759. Suppose -2*j - 11 = 11. Let n = j - -25. Calculate the greatest common factor of n and y.
14
Suppose 0 = -h + 5*h. Let u(d) = d**3 + d**2 - d + 198. Let z be u(h). Let t be 8/32 - z/(-8). Calculate the greatest common factor of t and 125.
25
Let g(a) = 11*a - 13. Suppose z + 40 = 5*t, 3*t - 24 = -0*z - 2*z. Let w be g(t). Let q = -5 + 35. What is the highest common divisor of q and w?
15
Suppose 5*j - 1068 = -8*r + 4*r, -2*r + 426 = 2*j. Let f be (9/15*5)/((-1)/(-90)). Suppose -23*d = -13*d - f. Calculate the highest common factor of d and j.
27
Let l be -1*(-1 - -1) + 81. Let q be -1 + (-1 - -6) + 0. Suppose -5*r - 25 = -0*r, -w + q*r + 29 = 0. Calculate the highest common factor of w and l.
9
Let s(x) = -5*x + 6. Let h be s(2). Let a be (-14 - -15)/(2/h) - -18. Calculate the highest common factor of 40 and a.
8
Let j be 2/8 - (243/(-4) + 1). What is the greatest common factor of 100 and j?
20
Suppose -76 = -5*j + 24. Let x be (-4)/(-30) + 374/(-330). Let h be 0 + 16/(x - -5). Calculate the greatest common factor of j and h.
4
Let t(n) = 7*n - 10. Let i be t(4). Suppose 2*v = -v + i. Suppose 2*d + 3 = 3*q - v, 2*d + 7 = q. Calculate the highest common divisor of 3 and q.
1
Let s be 13/(-11) - -1 - (-3577)/11. What is the highest common divisor of s and 75?
25
Suppose -2*s + u + 6 = 3*s, -2 = s - u. Let w = s + -1. Let y = w - 0. What is the greatest common divisor of 5 and y?
1
Let w be 10161/117 + 4/26. What is the highest common factor of w and 174?
87
Suppose -v - v + 10 = 0. Suppose -v*m - 5*o = -35, 0 = -4*m - 2*o + 31 - 3. Let p = -397 + 418. Calculate the greatest common factor of m and p.
7
Suppose -3*u - 9 = 4*s + 27, -5*s = 3*u + 42. Let b(c) = c**2 + 4*c + 16. Let p be b(s). Calculate the greatest common divisor of 42 and p.
14
Suppose 42*i - 32*i = 530. Calculate the greatest common divisor of 689 and i.
53
Let r(w) = -w + 23. Let b be r(-5). What is the greatest common divisor of b and 182?
14
Let k = 28 - 55. Let z be k*2*18/(-54). Calculate the highest common factor of z and 9.
9
Let n = -624 - -631. What is the greatest common factor of 77 and n?
7
Let u(h) = 6*h + 7. Let x be u(1). Let n = 20 + -19. What is the greatest common factor of n and x?
1
Suppose 0 = -5*y + y - h + 474, -4*y + 4*h + 484 = 0. Let z be 32/2 + (-2)/(-2). What is the greatest common factor of y and z?
17
Suppose 0*n = -2*n + 200. Calculate the greatest common divisor of n and 80.
20
Let h(x) = x**2 - 7*x + 14. Let c be (2 + -2)/((-2)/(-2)). Suppose -5*a + 6*a - 6 = c. Let l be h(a). Calculate the greatest common divisor of l and 88.
8
Let o(u) = -26*u - 30. Let f = -47 - -36. Let x be o(f). Calculate the highest common divisor of 16 and x.
16
Let u(l) = -l**3 - 14*l**2 - 6*l - 44. Let j be u(-16). Calculate the greatest common factor of j and 12.
12
Let u = 385 + -380. Calculate the greatest common factor of 5 and u.
5
Let x = 3 + 25. Let k = -27 + x. What is the highest common factor of k and 7?
1
Let z(a) = -161 + a + 87 - 5*a**2 + 0*a**2 + 91 - a**3. Let h be z(-5). Calculate the highest common factor of 6 and h.
6
Let a(p) = -p**3 - 6*p**2 - 8*p - 17. Let h be a(-6). What is the greatest common factor of 124 and h?
31
Let s = -585 - -643. What is the greatest common divisor of 522 and s?
58
Suppose -15*v - 9*v = 0. Suppose 5*r + 3*u - 1 = 0, 3*r + 3*u = -2 - 1. Suppose v*z + r*z = 374. Calculate the greatest common divisor of 17 and z.
17
Let p = 3537 - 2022. Calculate the highest common factor of p and 15.
15
Suppose 0 = -3*j - 4*v - 2, -4*v + 5*v = j - 4. Let n be -5 + 17 + j + -1. What is the highest common divisor of n and 169?
13
Let k(d) = d**3 + d + 64. Let p be k(0). Let m = 529 - 513. Calculate the highest common factor of m and p.
16
Suppose -4*b + 5412 = -4*s - 364, -5767 = 4*s - b. Let c = -935 - s. Calculate the greatest common divisor of c and 46.
46
Suppose -3*h + 2*d = -25 - 17, -4*h = -4*d - 52. Suppose -3*y + 4*v + 201 = v, 0 = 3*v + 9. What is the highest common divisor of h and y?
16
Let i = 3 + 13. Suppose 2*x - x - 4*z = 615, 0 = -x + z + 630. Suppose 8*u = -3*w + 3*u + 379, x = 5*w + 5*u. Calculate the greatest common factor of i and w.
16
Let b = 5 + -3. Suppose -v + 2*h + 106 = 3*v, 0 = -2*v - h + 43. Suppose l + 2*l = v. Calculate the greatest common divisor of b and l.
2
Suppose -9 = -5*q - 55*d + 56*d, 6*q + d - 13 = 0. Let f = -11 - -21. Calculate the